 35 = 0. Is 62*t - (-1)/2*-2 a composite number?
True
Suppose -6*g + 39841 = -169649. Is g prime?
False
Suppose 368 + 101 = 7*p. Let z = p - -124. Is z composite?
False
Let l(g) = 57*g**2 - 3*g + 3. Let f be l(3). Let h = -1308 - -2846. Suppose f = 5*d - h. Is d composite?
False
Let i(x) = 73*x**2 + 8*x - 26. Is i(7) prime?
True
Let a(n) = n**3 - 7*n**2 + 8*n - 5. Let h be 148/18 - 6/27. Let t be a(h). Suppose 4*o = 25 + t. Is o a prime number?
True
Is (1076/6)/(10/435) composite?
True
Let d(a) = -a**2 + 1. Let i(r) = 989*r**2 + r - 3. Let v(j) = 3*d(j) + i(j). Is v(-1) prime?
False
Suppose -12*z = -17*z + 15385. Is z prime?
False
Let i be ((-5)/(-60)*-3)/((-2)/16). Suppose -4*h + 1066 = -l, -i*h - h + 3*l = -795. Is h a composite number?
True
Let z(u) = u**2 - u - 1. Let j be z(-2). Let a(m) be the third derivative of m**5/60 + m**4/4 - 2*m**3/3 - 4*m**2. Is a(j) composite?
True
Is (76644/54)/((-2)/(-6) + 0) a prime number?
False
Suppose -2356 = -5*i - 4*t, -8*t + 2355 = 5*i - 3*t. Suppose -i = 4*l - 1556. Is l a prime number?
True
Suppose 0 = 20*z - 23*z + 28929. Is z prime?
True
Let v = -101 - -224. Let h be 2*v/6 - 0. Suppose 25 = 3*d - h. Is d composite?
True
Is (-157787)/2*(-24)/84 a prime number?
True
Suppose 5*f + 3*d = -2*d + 1840, -4*d = -5*f + 1858. Suppose -2*m - 4 + 0 = 0, -m - 763 = -s. Let u = s - f. Is u a composite number?
True
Let n(d) = 14*d**2 - d - 10. Let z be n(-4). Let k = -109 + z. Is k prime?
True
Let b be -4 + (-1)/(3/(-48)). Let l be (-2144)/b + (-2)/(-3). Let f = 120 - l. Is f prime?
False
Let q be ((-3)/(-6))/((-1)/2). Let c be 3 - 5 - -1 - q. Suppose c = -32*r + 27*r + 70. Is r a prime number?
False
Suppose -3*s = 0, 8*s - 1061 = -j + 4*s. Is j a composite number?
False
Is 200 + (-8 - 133/(-7)) a composite number?
False
Suppose 0 = -5*w + u + 353, -204 = -3*w + u - 3*u. Suppose -2*i = -4 - w. Is i a prime number?
True
Is 4*((-44404)/(-16) + 0 + 3) composite?
False
Let r be (12 - 8) + 2*(-1 - -3). Is (-2)/(-2)*(r/2 + 209) a composite number?
True
Let u(q) = 85*q - 11. Is u(2) prime?
False
Let c = 192096 + -134363. Is c prime?
False
Let j(c) = 25*c**2 + 9*c - 387. Is j(-25) prime?
True
Let g(o) = 35*o**2 - 106*o + 250. Is g(47) a composite number?
True
Suppose 0 = -2*m + 3*x + 55165, -3*x + 27579 = m - x. Is m composite?
False
Let c(t) = -9376*t + 322. Is c(-6) composite?
True
Let p(x) = 53*x - 25. Let t be ((-12)/18)/(4/(-24)). Is p(t) a composite number?
True
Let s(a) = 4*a - 26. Let q be s(7). Suppose q*x - 95 = 71. Is x composite?
False
Let c = -361 + 1186. Let z = 153 + -491. Let h = z + c. Is h prime?
True
Let r(b) = -25*b - 7. Let s = 32 - 18. Suppose -9*h + 60 = -s*h. Is r(h) composite?
False
Let i(z) = -z**2 + z - 3. Suppose -w - 8 = 2*x + 2*x, -5*w - 2 = x. Let l be i(w). Let h(m) = -189*m - 10. Is h(l) composite?
False
Let n(t) = 9*t + 14. Let j be n(7). Let p = j + -44. Is p prime?
False
Suppose 2*w = -3*r + 79 + 808, 3*w - 1293 = 3*r. Let n = 837 - w. Is n a composite number?
False
Suppose 7*y - 4319 - 1085 = 0. Let h = y - 431. Is h a composite number?
True
Let p = 306 - 83. Let b = p + 171. Is b a composite number?
True
Let f = 21 + -17. Let p(q) be the third derivative of 7*q**4/8 - 7*q**3/6 + 4*q**2. Is p(f) composite?
True
Suppose -15*h + 1560 = -7*h. Suppose -h = -y + 22. Is y a prime number?
False
Let f be ((-8)/3)/(14/(-21)). Let u(w) = 8*w**2 + 7 + 2*w - 4 - f. Is u(-3) a prime number?
False
Suppose -2*t = -2*l + t - 2, -45 = -5*l - 5*t. Suppose 0 = -2*g + l*j + 226, -2*j + 12 = 20. Is g a composite number?
False
Suppose 4*s + s = 15. Suppose -i + 765 = 2*i + 3*k, -k - 761 = -s*i. Is i a prime number?
False
Let l be 0 - -1584 - (-4 + 0). Suppose 0 = -3*b + l + 125. Suppose 4*x - 2*t - b = x, -2*t + 193 = x. Is x a composite number?
False
Suppose 2540 = -10*s + 14*s. Is s a prime number?
False
Let c(y) = 3*y + 3. Let d be c(-3). Let v(n) = n**3 - n + 1. Let o(g) = -5*g**3 - 6*g**2 + g - 1. Let i(b) = o(b) + 4*v(b). Is i(d) a composite number?
True
Let z(r) = -2 + 3*r**2 + r**3 + 2*r**3 + 0*r + r - r**3. Let x be z(3). Let k = -29 + x. Is k a prime number?
True
Suppose 15090 = 2*m + y, -7887 = -m - 3*y - 332. Is m a prime number?
False
Suppose 0 = -15*l + 11*l. Suppose l*s = 5*s + 15. Is (-38)/s*318/4 a prime number?
False
Let a(l) = 3*l + 19. Let g be a(-6). Is 390 - (2/(-1) + g) a prime number?
False
Let y(r) = 5*r - r**2 - 1 + 2*r + 3*r**3 - 6*r**2. Is y(6) prime?
False
Let w(u) = u**2 + 16*u - 31. Let p be w(-18). Suppose -4*i = -2*m + 3788 + 1010, p*m + 2*i - 11959 = 0. Is m a composite number?
False
Let i(a) = -7 - 5*a**2 + 6*a**2 - 4*a**2 + 2*a + 5 + 2*a**3. Is i(5) composite?
True
Let c(t) = t**3 + 30*t**2 - 16*t - 98. Is c(-29) a prime number?
False
Let d be 1 - (72/(-16) - 2/(-4)). Suppose -5*m + 0*r - 6 = 3*r, 3*r = 3*m - 6. Suppose 5*s - s - 1486 = -k, -d*s - k + 1857 = m. Is s a prime number?
False
Suppose -c - 2 = -m, 0 = 2*c + c - 3. Suppose -m*p - 3*g + 2*g = -752, 1254 = 5*p + g. Is p a prime number?
True
Let s be 1 - (-2 - (2 + 2)). Let j be 190/70 - (-2)/s. Let v(t) = 2*t**2 + t - 2. Is v(j) a composite number?
False
Let l be ((-28)/42)/((-2)/(-15)). Let d(u) = 65*u**2 - 36. Is d(l) composite?
True
Let m = -117 - -121. Suppose -m*b = -8*b + 9172. Is b composite?
False
Let h(c) = c**3 - 4*c**2 - 4*c. Let k be h(5). Suppose 0 = k*i + 2*s - s - 9117, 3*s = 2*i - 3640. Is i prime?
True
Let k = -910 + -947. Is 1*k/12*-4 prime?
True
Let m = -8 + 13. Suppose -3 - 12 = -m*j. Is (j/2)/(1/2) a composite number?
False
Is (-2 - -7186) + 3 + -10 prime?
True
Let c = -14 + 29. Let f be c/(-6)*(-24)/20. Suppose -3*p + 29 = -4*v, 0 = -f*p - 2*p + 2*v + 53. Is p composite?
False
Let g be (44/10)/(6/15). Let c = -9 + g. Is 6/(3/(15/c)) prime?
False
Let r(b) = b + 6. Let z be r(-1). Suppose 2*i - z*y = -i + 5422, 2*y + 9005 = 5*i. Is i composite?
True
Let w(i) = 10*i + 33*i - 11 + 5*i. Is w(10) a prime number?
False
Suppose -4*z = 2*z - 48. Suppose 17107 - 53483 = -z*p. Is p a prime number?
True
Suppose 39*j + 10263 = 40*j + 4*y, -j - y + 10275 = 0. Is j a composite number?
True
Suppose -40 = -4*a + 4*s, a - s = -5*s - 15. Suppose -g + 8 + a = 0. Is g composite?
False
Let b(m) = -43*m - 1. Let n be b(-1). Is -2*(-5)/(20/n) prime?
False
Suppose -2*y = 0, -5*y - 2521 = -3*t + 4148. Suppose 4*v = -2*q + q + t, -1139 = -2*v + 5*q. Is v a composite number?
False
Suppose 4*t - 4903 = 32293. Is t prime?
False
Suppose y = 8*y - y. Suppose 2565 = 3*n - 3*m, y = -5*m + 6 - 16. Is n a composite number?
False
Is 2/4*(5647 + 19) prime?
True
Suppose -n + 49311 = 5*k, -5*n + 0*n + 5*k + 246495 = 0. Is n prime?
False
Suppose -5*r = -3*b + 6452, 3*r = 4*b - 175 - 8435. Suppose -7*k - b = -13*k. Is k a prime number?
True
Let l be (-2 - (0 + -1)) + 1921. Let v = -521 + l. Is v a prime number?
True
Let s = -611 + -652. Let c = 742 + s. Let p = 114 - c. Is p a composite number?
True
Let q = -9027 - -14414. Is q prime?
True
Let g = -10295 + 18796. Is g a composite number?
False
Suppose 0*k = 2*k - 1254. Let u = k + -86. Is u a prime number?
True
Suppose -4*a - 12 = 4*n, 0 = -3*a - a - n. Is ((-161)/(-21))/(a/159) prime?
False
Let u(n) = 2*n**2 + 22*n + 15. Let b(i) = -i**2 - i. Let o(k) = -3*k**2 - 3*k. Let m(r) = 2*b(r) - o(r). Let x(c) = 4*m(c) - u(c). Is x(-13) composite?
False
Suppose 0*r - 4*l + 31231 = 5*r, -2*r - 3*l = -12498. Is r prime?
False
Suppose 0 = -t - 1, -2135 = -2*s + 4*t + 351. Is s a prime number?
False
Suppose 4*u - 91 = 21. Suppose -9*p - u = -5*p. Is (0 + -1)*(-788 - p) prime?
False
Suppose -4*w - 544 - 2672 = 0. Let u = -488 - w. Let b = u - 225. Is b a prime number?
False
Suppose 0*r = 5*r - 95. Let b = r + 104. Is b a composite number?
True
Let k(p) = 28*p**2 - 12*p + 27. Is k(-22) a prime number?
False
Let q = 30 + -27. Suppose -2*m + q*n + 731 = 0, 1104 = -2*m + 5*m + 3*n. Is m prime?
True
Let a(p) = -p**3 - 3*p**2 + p - 3. Let j be a(-3). Is 170 + j + 0 + -1 a composite number?
False
Suppose 5*l = 11 - 1. Suppose s + l*f - 659 + 274 = 0, -375 = -s + 3*f. Is s composite?
True
Let v = 14386 - -4561. Is v a composite number?
False
Let v(t) = 159*t**3 - 4*t + 1 - 3*t**2 - 157*t**3 + t. Is v(6) composite?
False
Let v(d) = 2*d**2 + 14*d + 6. Let m be v(-10). Suppose 4*x + 6 = m. Let q = x +